{"id":105,"date":"2012-06-27T12:45:51","date_gmt":"2012-06-27T12:45:51","guid":{"rendered":"http:\/\/sgtaller.com\/ayuda\/?page_id=105"},"modified":"2012-07-14T21:04:26","modified_gmt":"2012-07-14T21:04:26","slug":"vincular-la-base-de-datos-del-programa-con-microsoft-access","status":"publish","type":"page","link":"http:\/\/sgtaller.com\/ayuda\/ayuda-en-general\/vincular-la-base-de-datos-del-programa-con-microsoft-access\/","title":{"rendered":"Vincular SGTaller con Access"},"content":{"rendered":"<h4>Me interesa poder hacer algunas consultas que el programa no tiene incorporadas, \u00bfes posible vincular la base de datos del\u00a0programa con Microsoft Access para realizar las consultas?<\/h4>\n<p>Se puede conectar la base de datos con Access, pero debemos aclarar que lo aconsejamos hacer\u00a0solamente para hacer consultas\u00a0desde Access,no para modificar o editar la informaci\u00f3n de las tablas dado que sino se conoce en detalle el funcionamiento de las tablas se corre el riesgo de dejar informaci\u00f3n incoherente. A continuaci\u00f3n el procedimiento para vincular la base de datos del taller con Access.<\/p>\n<p>1-\u00a0Primero debemos descargar e instalar el\u00a0driver\u00a0<a href=\"http:\/\/sourceforge.net\/projects\/firebird\/files\/firebird-ODBC-driver\/1.2-Release\/Firebird_ODBC_1.2.0.69-Win32.exe\/download\">ODBC de Firebird\u00a0<\/a><br \/>\n2-\u00a0Vamos a ODBC en Panel de Control.<br \/>\n3-\u00a0Al entrar vamos a la solapa\u00a0DSN de sistema\u00a0y hacemos clic en\u00a0Agregar.<\/p>\n<p><img loading=\"lazy\" decoding=\"async\" src=\"http:\/\/www.sgtaller.com\/images\/odbc.png\" alt=\"\" width=\"300\" height=\"257\" \/><br \/>\n4-\u00a0Seleccionamos el driver\u00a0Firebird\/Interbase(r) driver<strong><em>\u00a0<\/em><\/strong>y hacemos clic en\u00a0Finalizar<br \/>\n<img loading=\"lazy\" decoding=\"async\" src=\"http:\/\/www.sgtaller.com\/images\/odbc2.png\" alt=\"\" width=\"300\" height=\"217\" \/><\/p>\n<p><img loading=\"lazy\" decoding=\"async\" src=\"http:\/\/www.sgtaller.com\/images\/odbc3.png\" alt=\"\" width=\"300\" height=\"293\" \/><\/p>\n<p>5-\u00a0Se abre la ventana de configuraci\u00f3n del driver que debemos completar.<br \/>\n<em>Data Source Name (DSN):\u00a0service\u00a0<\/em><br \/>\n<em>Driver:\u00a0IscDbc\u00a0<\/em><br \/>\n<em>Database:\u00a0C:\\Archivos de Programa\\SGTaller\\service.fdb\u00a0<\/em><br \/>\n<em>Client:\u00a0C:\\Archivos de programa\\Firebird\\Firebird_1_5\\bin\\fbclient.dll\u00a0<\/em><br \/>\n<em>Database Account:\u00a0SYSDBA\u00a0<\/em><br \/>\n<em>Password:\u00a0masterkey<\/em><br \/>\n6-\u00a0Con el bot\u00f3n \u00abTest Connection\u00bb sabremos si la configuraci\u00f3n es correcta. Si es correcta clic en\u00a0OK.<br \/>\n7-\u00a0Ahora debemos ir a Access y crear una nueva base de datos.<br \/>\n8-\u00a0Dentro de la ventana principal de la base de datos de Access vamos al men\u00fa\u00a0Archivo\u00a0-Obtener Datos Externos\u00a0&#8211;\u00a0Vincular Tablas. En la ventana que se abre debemos seleccionar\u00a0Tipo de Archivo:\u00a0ODBC Databases.<br \/>\n9-\u00a0En la ventana de \u00abSeleccionar Origen de Datos\u00bb vamos a la solapa \u00abOrigen de datos de equipo\u00bb y debemos seleccionar \u00abservice\u00bb y Aceptar.<br \/>\n<img loading=\"lazy\" decoding=\"async\" src=\"http:\/\/www.sgtaller.com\/images\/odbc4.png\" alt=\"\" width=\"300\" height=\"259\" \/><br \/>\n10-\u00a0Ahora debemos seleccionar que tablas de nuestra base queremos vincular, puede ser una sola o todas. Seleccionamos y damos Aceptar. En este caso voy a seleccionar la tabla Reparaciones.<br \/>\n<img loading=\"lazy\" decoding=\"async\" src=\"http:\/\/www.sgtaller.com\/images\/odbc5.png\" alt=\"\" width=\"350\" height=\"151\" \/><\/p>\n<p>11-\u00a0Aparece el icono en Tablas correspondiente a Reparaciones.<br \/>\n<img loading=\"lazy\" decoding=\"async\" src=\"http:\/\/www.sgtaller.com\/images\/odbc6.png\" alt=\"\" width=\"300\" height=\"215\" \/><br \/>\nA partir de aqu\u00ed ya esta en condiciones de realizar las consultas desde Access.<\/p>\n<p><strong><span style=\"color: #ff0000;\">Debemos tener extremo cuidado dado que estamos trabajando directamente sobre la tabla.\u00a0<\/span><\/strong><\/p>\n","protected":false},"excerpt":{"rendered":"<p>Me interesa poder hacer algunas consultas que el programa no tiene incorporadas, \u00bfes posible vincular la base de datos del\u00a0programa con Microsoft Access para realizar las consultas? Se puede conectar la base de datos con Access, pero debemos aclarar que lo aconsejamos hacer\u00a0solamente para hacer consultas\u00a0desde Access,no para modificar o [&hellip;]<\/p>\n","protected":false},"author":1,"featured_media":0,"parent":26,"menu_order":3,"comment_status":"open","ping_status":"closed","template":"","meta":{"footnotes":""},"class_list":["post-105","page","type-page","status-publish","hentry"],"_links":{"self":[{"href":"http:\/\/sgtaller.com\/ayuda\/wp-json\/wp\/v2\/pages\/105","targetHints":{"allow":["GET"]}}],"collection":[{"href":"http:\/\/sgtaller.com\/ayuda\/wp-json\/wp\/v2\/pages"}],"about":[{"href":"http:\/\/sgtaller.com\/ayuda\/wp-json\/wp\/v2\/types\/page"}],"author":[{"embeddable":true,"href":"http:\/\/sgtaller.com\/ayuda\/wp-json\/wp\/v2\/users\/1"}],"replies":[{"embeddable":true,"href":"http:\/\/sgtaller.com\/ayuda\/wp-json\/wp\/v2\/comments?post=105"}],"version-history":[{"count":4,"href":"http:\/\/sgtaller.com\/ayuda\/wp-json\/wp\/v2\/pages\/105\/revisions"}],"predecessor-version":[{"id":108,"href":"http:\/\/sgtaller.com\/ayuda\/wp-json\/wp\/v2\/pages\/105\/revisions\/108"}],"up":[{"embeddable":true,"href":"http:\/\/sgtaller.com\/ayuda\/wp-json\/wp\/v2\/pages\/26"}],"wp:attachment":[{"href":"http:\/\/sgtaller.com\/ayuda\/wp-json\/wp\/v2\/media?parent=105"}],"curies":[{"name":"wp","href":"https:\/\/api.w.org\/{rel}","templated":true}]}}