{"id":1115,"date":"2017-08-28T18:36:27","date_gmt":"2017-08-28T18:36:27","guid":{"rendered":"http:\/\/sgtaller.com\/ayuda\/?page_id=1115"},"modified":"2021-09-14T12:40:14","modified_gmt":"2021-09-14T12:40:14","slug":"resguardos-fe-uruguay","status":"publish","type":"page","link":"http:\/\/sgtaller.com\/ayuda\/fe-uruguay\/resguardos-fe-uruguay\/","title":{"rendered":"Resguardos &#8211; FE Uruguay"},"content":{"rendered":"<blockquote><p>Se trata de un documento electr\u00f3nico en formato XML que permite documentar las retenciones y percepciones adelantadas de impuestos que generen los emisores de facturas electr\u00f3nicas.<\/p><\/blockquote>\n<h1>Configuraci\u00f3n Inicial (previo a crear e-resguardos)<\/h1>\n<ul>\n<li>Abrir \u00a0un navegador de su preferencia (Firefox, Chrome, etc).<a href=\"http:\/\/sgtaller.com\/ayuda\/wp-content\/uploads\/2017\/08\/screenshot-2.png\"><img loading=\"lazy\" decoding=\"async\" class=\"aligncenter size-large wp-image-1085\" src=\"http:\/\/sgtaller.com\/ayuda\/wp-content\/uploads\/2017\/08\/screenshot-2-1024x487.png\" sizes=\"auto, (max-width: 640px) 100vw, 640px\" srcset=\"http:\/\/sgtaller.com\/ayuda\/wp-content\/uploads\/2017\/08\/screenshot-2-1024x487.png 1024w, http:\/\/sgtaller.com\/ayuda\/wp-content\/uploads\/2017\/08\/screenshot-2-300x143.png 300w, http:\/\/sgtaller.com\/ayuda\/wp-content\/uploads\/2017\/08\/screenshot-2-768x365.png 768w, http:\/\/sgtaller.com\/ayuda\/wp-content\/uploads\/2017\/08\/screenshot-2.png 1439w\" alt=\"\" width=\"640\" height=\"304\" \/><\/a><\/li>\n<li>Ingresar el enlace del sistema de facturaci\u00f3n electr\u00f3nica con su usuario y contrase\u00f1a (<strong>proporcionado por nuestra empresa una vez concluida la instalaci\u00f3n inicial<\/strong>).<\/li>\n<li>Ir al men\u00fa \u201c<em><strong>Configuraci\u00f3n<\/strong><\/em>\u201d y hacer clic cada una de las opciones que abajo se detallan para establecer los valores iniciales:\n<ul>\n<li>\u00ab<em><strong>Receptores<\/strong><\/em>\u00ab.<\/li>\n<li>\u00ab<em><strong>Pa\u00eds<\/strong><\/em>\u00ab.<\/li>\n<li>\u00ab<em><strong>Moneda<\/strong><\/em>\u00ab.<\/li>\n<li>\u00ab<em><strong>Retenciones<\/strong><\/em>\u00ab<\/li>\n<\/ul>\n<\/li>\n<\/ul>\n<h1>Crear un e-Resguardo<\/h1>\n<ol>\n<li>Abrir \u00a0un navegador de su preferencia (Firefox, Chrome, etc).<a href=\"http:\/\/sgtaller.com\/ayuda\/wp-content\/uploads\/2017\/08\/screenshot-2.png\"><img loading=\"lazy\" decoding=\"async\" class=\"aligncenter size-large wp-image-1085\" src=\"http:\/\/sgtaller.com\/ayuda\/wp-content\/uploads\/2017\/08\/screenshot-2-1024x487.png\" sizes=\"auto, (max-width: 640px) 100vw, 640px\" srcset=\"http:\/\/sgtaller.com\/ayuda\/wp-content\/uploads\/2017\/08\/screenshot-2-1024x487.png 1024w, http:\/\/sgtaller.com\/ayuda\/wp-content\/uploads\/2017\/08\/screenshot-2-300x143.png 300w, http:\/\/sgtaller.com\/ayuda\/wp-content\/uploads\/2017\/08\/screenshot-2-768x365.png 768w, http:\/\/sgtaller.com\/ayuda\/wp-content\/uploads\/2017\/08\/screenshot-2.png 1439w\" alt=\"\" width=\"640\" height=\"304\" \/><\/a><\/li>\n<li>Ingresar el enlace del sistema de facturaci\u00f3n electr\u00f3nica con su usuario y contrase\u00f1a (<strong>proporcionado por nuestra empresa una vez concluida la instalaci\u00f3n inicial<\/strong>).<\/li>\n<li>Ir al men\u00fa \u201c<em><strong>CFE\/Sobres<\/strong><\/em>\u201d y hacer clic en la opci\u00f3n \u201c<em><strong>Trabajar con CFE<\/strong><\/em>\u201d.<\/li>\n<li>Hacer clic en el bot\u00f3n que se encuentra a la derecha de la pantalla \u00ab<em><strong>Nuevo Resguardo<\/strong><\/em>\u00ab.<a href=\"http:\/\/sgtaller.com\/ayuda\/wp-content\/uploads\/2017\/08\/screenshot-5.png\"><img loading=\"lazy\" decoding=\"async\" class=\"aligncenter size-full wp-image-1118\" src=\"http:\/\/sgtaller.com\/ayuda\/wp-content\/uploads\/2017\/08\/screenshot-5.png\" alt=\"\" width=\"321\" height=\"99\" srcset=\"http:\/\/sgtaller.com\/ayuda\/wp-content\/uploads\/2017\/08\/screenshot-5.png 321w, http:\/\/sgtaller.com\/ayuda\/wp-content\/uploads\/2017\/08\/screenshot-5-300x93.png 300w\" sizes=\"auto, (max-width: 321px) 100vw, 321px\" \/><\/a><\/li>\n<li>En la pantalla que se abre, completar todos los datos.<a href=\"http:\/\/sgtaller.com\/ayuda\/wp-content\/uploads\/2017\/08\/screenshot-6.png\"><img loading=\"lazy\" decoding=\"async\" class=\"aligncenter size-full wp-image-1121\" src=\"http:\/\/sgtaller.com\/ayuda\/wp-content\/uploads\/2017\/08\/screenshot-6.png\" alt=\"\" width=\"761\" height=\"709\" srcset=\"http:\/\/sgtaller.com\/ayuda\/wp-content\/uploads\/2017\/08\/screenshot-6.png 761w, http:\/\/sgtaller.com\/ayuda\/wp-content\/uploads\/2017\/08\/screenshot-6-300x280.png 300w\" sizes=\"auto, (max-width: 761px) 100vw, 761px\" \/><\/a><\/li>\n<li>Los datos que se deben ingresar son:\n<ul>\n<li><em><strong>Sucursal<\/strong><\/em> \u2013 <span style=\"color: #ff0000;\">Obligatorio<\/span><\/li>\n<li><em><strong>Tipo CFE<\/strong><\/em>: Resguardo o Resguardo Contingencia \u2013 <span style=\"color: #ff0000;\">Obligatorio<\/span>\n<ul>\n<li>Solo si es resguardo contingencia se debe ingresar la serie, nro y fecha de emisi\u00f3n.<\/li>\n<\/ul>\n<\/li>\n<li><em><strong>Moneda<\/strong><\/em> \u2013 <span style=\"color: #ff0000;\">Obligatorio<\/span>.\n<ul>\n<li>Si la moneda es diferente a la de uruguay se debe tener registro de la tasa de cambio de la fecha de emisi\u00f3n.<\/li>\n<\/ul>\n<\/li>\n<li><em><strong>Receptor<\/strong><\/em> \u2013 <span style=\"color: #ff0000;\">Obligatorio<\/span>. Se puede seleccionar o crear uno nuevo.<\/li>\n<li><em><strong>Forma de pago<\/strong><\/em> \u2013 <span style=\"color: #ff0000;\">Obligatorio<\/span><\/li>\n<li><em><strong>Fecha de Vencimiento<\/strong><\/em> \u2013 NO es obligatorio<\/li>\n<li><em><strong>Adenda<\/strong><\/em> \u2013 No es obligatorio.<span style=\"font-family: Consolas, Monaco, monospace;\">\u00a0<\/span><\/li>\n<\/ul>\n<\/li>\n<\/ol>\n<h4 style=\"text-align: center;\">Se debe ingresar los datos del detalle de resguardo: Se debe seleccionar el <strong>tipo de retenci\u00f3n<\/strong> , el <strong>porcentaje<\/strong> y el <strong>monto<\/strong>. El valor retenido lo genera autom\u00e1ticamente.<\/h4>\n<h2>Anular Un e-Resguardo<\/h2>\n<p><span>Debe ingresar en <\/span><b>referencias<\/b><span> el documento original que se anula , igual a que lo hacen hoy por hoy al realizar una nota de cr\u00e9dito.<\/span><\/p>\n<p style=\"margin: 0cm 0cm 11.25pt; text-align: center;\"><span style=\"color: #339966;\"><strong>Se debe marcar el check Anulado en las l\u00edneas que corresponden a anulaci\u00f3n en el resguardo.<\/strong><\/span><b><span style=\"font-size: 13.5pt; font-family: Roboto; color: #3c4858;\"><o:p><\/o:p><\/span><\/b><\/p>\n<div class=\"\">Es obligatorio por otro lado <span style=\"color: #ff0000;\"><strong>escribir en la Adenda<\/strong><\/span> el siguiente texto cada vez que hacen una anulaci\u00f3n \u00a0:\u00a0<span class=\"\"><b class=\"\">Correcci\u00f3n de e-Resguardo<\/b><\/span><\/div>\n","protected":false},"excerpt":{"rendered":"<p>Se trata de un documento electr\u00f3nico en formato XML que permite documentar las retenciones y percepciones adelantadas de impuestos que generen los emisores de facturas electr\u00f3nicas. Configuraci\u00f3n Inicial (previo a crear e-resguardos) Abrir \u00a0un navegador de su preferencia (Firefox, Chrome, etc). Ingresar el enlace del sistema de facturaci\u00f3n electr\u00f3nica con [&hellip;]<\/p>\n","protected":false},"author":428,"featured_media":0,"parent":1069,"menu_order":8,"comment_status":"closed","ping_status":"closed","template":"","meta":{"footnotes":""},"class_list":["post-1115","page","type-page","status-publish","hentry"],"_links":{"self":[{"href":"http:\/\/sgtaller.com\/ayuda\/wp-json\/wp\/v2\/pages\/1115","targetHints":{"allow":["GET"]}}],"collection":[{"href":"http:\/\/sgtaller.com\/ayuda\/wp-json\/wp\/v2\/pages"}],"about":[{"href":"http:\/\/sgtaller.com\/ayuda\/wp-json\/wp\/v2\/types\/page"}],"author":[{"embeddable":true,"href":"http:\/\/sgtaller.com\/ayuda\/wp-json\/wp\/v2\/users\/428"}],"replies":[{"embeddable":true,"href":"http:\/\/sgtaller.com\/ayuda\/wp-json\/wp\/v2\/comments?post=1115"}],"version-history":[{"count":13,"href":"http:\/\/sgtaller.com\/ayuda\/wp-json\/wp\/v2\/pages\/1115\/revisions"}],"predecessor-version":[{"id":1577,"href":"http:\/\/sgtaller.com\/ayuda\/wp-json\/wp\/v2\/pages\/1115\/revisions\/1577"}],"up":[{"embeddable":true,"href":"http:\/\/sgtaller.com\/ayuda\/wp-json\/wp\/v2\/pages\/1069"}],"wp:attachment":[{"href":"http:\/\/sgtaller.com\/ayuda\/wp-json\/wp\/v2\/media?parent=1115"}],"curies":[{"name":"wp","href":"https:\/\/api.w.org\/{rel}","templated":true}]}}