{"id":565,"date":"2013-10-17T20:23:54","date_gmt":"2013-10-17T20:23:54","guid":{"rendered":"http:\/\/sgtaller.com\/ayuda\/?page_id=565"},"modified":"2013-10-17T20:23:54","modified_gmt":"2013-10-17T20:23:54","slug":"funcionamiento-basico-de-sgweb","status":"publish","type":"page","link":"http:\/\/sgtaller.com\/ayuda\/modulo-web\/funcionamiento-basico-de-sgweb\/","title":{"rendered":"Funcionamiento B\u00e1sico de SGWeb"},"content":{"rendered":"<h2>SGWeb tiene 3 formas de operar desde la Web:<\/h2>\n<ol>\n<li>Una modalidad que el cliente ingresa la serie del equipo y el n\u00famero de orden y le permite ver esa orden puntualmente y ninguna m\u00e1s. Esta funcionalidad es la que se accede directamente a trav\u00e9s del dominio contratado.<\/li>\n<li>Una modalidad que podemos darle al cliente un usuario y contrase\u00f1a, el cual definimos en nuestro SGTaller local, y a trav\u00e9s de la web ingresando a SGWeb puede consultar todas las \u00f3rdenes que el cliente tiene y ha tenido en nuestro taller. Para ingresar aqu\u00ed simplemente debemos cambiar la parte final de la URL que dice \u00ab<em><strong>consultaorden<\/strong><\/em>\u00bb por \u00ab<em><strong>clientes<\/strong><\/em>\u00ab.<\/li>\n<li>Una opci\u00f3n para que un administrador pueda configurar aspectos b\u00e1sicos de SGWeb como el texto legal, el logo, si se recibe o no un e-mail de notificaci\u00f3n cuando un cliente aprueba o rechaza por la web as\u00ed como otros ajustes. Tambi\u00e9n desde aqu\u00ed puede ver un listado completo de todas las reparaciones en taller desde la web directamente como <a title=\"SGWeb: Nueva Funcionalidad\" href=\"http:\/\/sgtaller.com\/ayuda\/2013\/10\/sgweb-nueva-funcionalidad\/\">se explica en este art\u00edculo<\/a>.<\/li>\n<\/ol>\n","protected":false},"excerpt":{"rendered":"<p>SGWeb tiene 3 formas de operar desde la Web: Una modalidad que el cliente ingresa la serie del equipo y el n\u00famero de orden y le permite ver esa orden puntualmente y ninguna m\u00e1s. Esta funcionalidad es la que se accede directamente a trav\u00e9s del dominio contratado. Una modalidad que [&hellip;]<\/p>\n","protected":false},"author":1,"featured_media":0,"parent":24,"menu_order":0,"comment_status":"open","ping_status":"open","template":"","meta":{"footnotes":""},"class_list":["post-565","page","type-page","status-publish","hentry"],"_links":{"self":[{"href":"http:\/\/sgtaller.com\/ayuda\/wp-json\/wp\/v2\/pages\/565","targetHints":{"allow":["GET"]}}],"collection":[{"href":"http:\/\/sgtaller.com\/ayuda\/wp-json\/wp\/v2\/pages"}],"about":[{"href":"http:\/\/sgtaller.com\/ayuda\/wp-json\/wp\/v2\/types\/page"}],"author":[{"embeddable":true,"href":"http:\/\/sgtaller.com\/ayuda\/wp-json\/wp\/v2\/users\/1"}],"replies":[{"embeddable":true,"href":"http:\/\/sgtaller.com\/ayuda\/wp-json\/wp\/v2\/comments?post=565"}],"version-history":[{"count":1,"href":"http:\/\/sgtaller.com\/ayuda\/wp-json\/wp\/v2\/pages\/565\/revisions"}],"predecessor-version":[{"id":566,"href":"http:\/\/sgtaller.com\/ayuda\/wp-json\/wp\/v2\/pages\/565\/revisions\/566"}],"up":[{"embeddable":true,"href":"http:\/\/sgtaller.com\/ayuda\/wp-json\/wp\/v2\/pages\/24"}],"wp:attachment":[{"href":"http:\/\/sgtaller.com\/ayuda\/wp-json\/wp\/v2\/media?parent=565"}],"curies":[{"name":"wp","href":"https:\/\/api.w.org\/{rel}","templated":true}]}}