{"id":712,"date":"2014-09-09T15:42:53","date_gmt":"2014-09-09T15:42:53","guid":{"rendered":"http:\/\/sgtaller.com\/ayuda\/?page_id=712"},"modified":"2014-09-09T15:42:53","modified_gmt":"2014-09-09T15:42:53","slug":"notificaciones-de-servicios","status":"publish","type":"page","link":"http:\/\/sgtaller.com\/ayuda\/pagina-ejemplo\/notificaciones-de-servicios\/","title":{"rendered":"Notificaciones de Servicios"},"content":{"rendered":"<p><!--more-->Es un peque\u00f1o programa que funciona junto a SGTaller y lo que hace es enviar correos electr\u00f3nicos a los t\u00e9cnicos recordando que tienen un servicio en terreno pendiente de realizar X d\u00edas antes de agendado el mismo. Los d\u00edas son configurables en SGTaller:<\/p>\n<p><a href=\"http:\/\/sgtaller.com\/ayuda\/wp-content\/uploads\/2014\/09\/confcorreo.png\"><img loading=\"lazy\" decoding=\"async\" class=\"size-full wp-image-715 aligncenter\" src=\"http:\/\/sgtaller.com\/ayuda\/wp-content\/uploads\/2014\/09\/confcorreo.png\" alt=\"confcorreo\" width=\"540\" height=\"27\" srcset=\"http:\/\/sgtaller.com\/ayuda\/wp-content\/uploads\/2014\/09\/confcorreo.png 540w, http:\/\/sgtaller.com\/ayuda\/wp-content\/uploads\/2014\/09\/confcorreo-300x15.png 300w\" sizes=\"auto, (max-width: 540px) 100vw, 540px\" \/><\/a><\/p>\n","protected":false},"excerpt":{"rendered":"","protected":false},"author":1,"featured_media":713,"parent":2,"menu_order":0,"comment_status":"open","ping_status":"open","template":"","meta":{"footnotes":""},"class_list":["post-712","page","type-page","status-publish","has-post-thumbnail","hentry"],"_links":{"self":[{"href":"http:\/\/sgtaller.com\/ayuda\/wp-json\/wp\/v2\/pages\/712","targetHints":{"allow":["GET"]}}],"collection":[{"href":"http:\/\/sgtaller.com\/ayuda\/wp-json\/wp\/v2\/pages"}],"about":[{"href":"http:\/\/sgtaller.com\/ayuda\/wp-json\/wp\/v2\/types\/page"}],"author":[{"embeddable":true,"href":"http:\/\/sgtaller.com\/ayuda\/wp-json\/wp\/v2\/users\/1"}],"replies":[{"embeddable":true,"href":"http:\/\/sgtaller.com\/ayuda\/wp-json\/wp\/v2\/comments?post=712"}],"version-history":[{"count":2,"href":"http:\/\/sgtaller.com\/ayuda\/wp-json\/wp\/v2\/pages\/712\/revisions"}],"predecessor-version":[{"id":716,"href":"http:\/\/sgtaller.com\/ayuda\/wp-json\/wp\/v2\/pages\/712\/revisions\/716"}],"up":[{"embeddable":true,"href":"http:\/\/sgtaller.com\/ayuda\/wp-json\/wp\/v2\/pages\/2"}],"wp:featuredmedia":[{"embeddable":true,"href":"http:\/\/sgtaller.com\/ayuda\/wp-json\/wp\/v2\/media\/713"}],"wp:attachment":[{"href":"http:\/\/sgtaller.com\/ayuda\/wp-json\/wp\/v2\/media?parent=712"}],"curies":[{"name":"wp","href":"https:\/\/api.w.org\/{rel}","templated":true}]}}